 t(w) = -w**3 + 6*w**2 + 3*w - 2. Let f be t(6). What is the highest common divisor of f and p?
16
Suppose y = -0*y + 15. Let j be (18/5)/(3/y). Let x = j + -7. Calculate the highest common divisor of x and 22.
11
Suppose 14 = 5*s - 11. Let c be 10*s/(50/12). Suppose -3*m + 2*q = -8, -8*m = -3*m + q - 22. What is the highest common factor of m and c?
4
Suppose 0 = -w - 3*x + 14, 2*x = -x + 12. Let o be (1 + -1)*(w + -1). Suppose 4*m + 83 - 363 = o. Calculate the greatest common divisor of m and 14.
14
Suppose 0 = 3*c + 4*m - 98, 0 = -5*m + 2*m + 6. Calculate the greatest common divisor of c and 6.
6
Let v(i) = -i**2 - 12*i + 6. Let k be v(-12). Let u = -2 + 8. What is the highest common divisor of u and k?
6
Suppose 0 - 3 = -d. Calculate the highest common factor of d and 15.
3
Let o be 25/(-20)*6*-18. Let g(s) = s**3 - 4*s**2 + 3*s + 3. Let l be g(4). What is the greatest common factor of l and o?
15
Suppose 5*z - 3*n = 45, 2*z + 6*n = 9*n + 9. Calculate the highest common divisor of z and 156.
12
Suppose -b = s - 7, 7*s - 30 = -4*b + 4*s. Suppose 0 = -2*q + 25 - 7. What is the greatest common factor of b and q?
9
Suppose -1 = -s - 0. Calculate the greatest common factor of s and 13.
1
Let h = 462 - -292. Let c = h - 512. Suppose -5*n = c - 842. What is the highest common factor of n and 24?
24
Let k(s) = 16*s. Let n be k(3). Let u(l) be the first derivative of 13*l**2/2 - l + 5. Let c be u(1). What is the greatest common factor of c and n?
12
Suppose 0 = -b - 49 + 209. Suppose -4*l = 2*u - b, 0 = -7*u + 3*u - 3*l + 340. What is the highest common divisor of u and 8?
8
Let m(t) = 3*t + 5. Let w be m(4). Suppose 7*d - 379 - 692 = 0. Calculate the greatest common divisor of d and w.
17
Suppose -3*t - 11 = 5*w - 6*w, 3*w - 7 = -4*t. Calculate the highest common divisor of 5 and w.
5
Let r be (-13 + 1)*(-75)/20. What is the highest common divisor of 15 and r?
15
Suppose 0 = 4*f + 5*h - 102, 32 = f + 2*h + 5. Suppose x - 16 = -3*x, u + x - 73 = 0. Calculate the greatest common factor of f and u.
23
Let j = 166 + -71. Let p(h) = 18*h**2 + h. Let q be p(1). Calculate the highest common factor of j and q.
19
Let q be (-9 - -11) + 119/1. Calculate the highest common divisor of 11 and q.
11
Let i(t) = -t**2 - 9*t + 9. Suppose 0 = -3*j + 4*m - 17, 3 = -4*j - 4*m - 29. Let u be i(j). What is the greatest common factor of 184 and u?
23
Suppose 0 = -32*w + 28*w + 36. What is the highest common divisor of w and 36?
9
Let p(h) = 7*h + 26. Let b be p(-3). What is the greatest common factor of 25 and b?
5
Let t be -6*((-5)/2 - -2). Suppose 18 = t*w - 9. Suppose 2*o = 5*o - 3*q - 45, w = -o - 5*q. What is the greatest common factor of o and 44?
11
Let m be 1*2/(-2) + 18. Let f(p) = -18*p**3 + 3*p**2 + 4*p + 5. Let v be f(-2). Calculate the highest common factor of v and m.
17
Let g(n) = 7*n**3. Let l be g(1). Let b = -2 + -6. Let o(m) = -7*m - 7. Let i be o(b). What is the highest common divisor of l and i?
7
Let q(o) = 5*o**2 + o. Let n be q(6). Let s = 128 - n. Let i = -31 - s. Calculate the greatest common factor of 3 and i.
3
Let t(d) = 3*d**2 + d + 1. Let a be 3/(-9)*(0 - 9). Let y = -5 + a. Let h be t(y). What is the greatest common factor of h and 22?
11
Let l(v) = 2*v**2 - v - 1. Let y be l(-1). Suppose 3*q + 0 = -3, 5*q + 11 = -2*j. Let a be j/y*20/(-6). What is the greatest common divisor of 55 and a?
5
Suppose 0 = -4*t + 4*j + 308, 5*j = -3*t + 226 + 13. Calculate the highest common factor of t and 26.
26
Let u be 7 + (20/(-5) - -3). What is the highest common divisor of u and 4?
2
Let q = 9 - 9. Suppose 2*i + 2*f - 414 = q, -i + 4*f + 390 = i. Suppose 0 = -3*b + i - 35. What is the highest common factor of b and 8?
8
Let k(a) = a**2 - 9*a - 9. Let r be k(10). Let u(g) = -79*g. Let t be u(-4). Let d be 4/(-22) + t/44. What is the highest common factor of d and r?
1
Let j be (-2565)/(-54) - (-6)/4. Suppose -14 = -4*b + 2*b. What is the greatest common factor of b and j?
7
Let v be 14 - -15 - (-1 - -4). Suppose -57 = -b + 125. What is the highest common factor of v and b?
26
Let x(m) = -m**2 - 7*m - 2. Let j(f) = f. Let a(w) = -j(w) - x(w). Suppose -n = 3*n + 24. Let h be a(n). Calculate the highest common divisor of h and 10.
2
Let z(l) = 18*l**2 - 2*l - 3. Let q be z(-1). What is the highest common divisor of 68 and q?
17
Suppose 4*u - q - 124 = 0, 0 = -2*u - 2*u + 4*q + 112. Calculate the highest common divisor of 8 and u.
8
Let f be (99 - (-1 - 0))*1. What is the highest common factor of 20 and f?
20
Suppose -11 - 25 = -4*v - 4*w, -5*v = w - 49. Let f = 4 + v. Calculate the highest common factor of f and 14.
14
Suppose 0 = 4*b - 16, -2*q + 13 = 2*b - 17. Suppose 8 = 3*g - g. Suppose n = g + 29. What is the highest common divisor of q and n?
11
Let k = -269 + 378. Let q = 12 + k. Calculate the greatest common divisor of 11 and q.
11
Let w(f) = f**3 + 7*f**2 + 7*f - 1. Let t be w(-6). Let a = -4 - t. Suppose 107 = 2*q - a*m, m - 3 = 2*m. Calculate the greatest common factor of q and 7.
7
Let p(c) = 2*c + 5. Let q be p(10). What is the greatest common divisor of q and 10?
5
Let l(s) be the third derivative of s**6/120 - s**5/12 - s**4/6 + 7*s**3/6 - s**2. Let d be l(7). Calculate the greatest common factor of 7 and d.
7
Let n = -16 + 10. Let k be (4/(-6))/(n/45). Let g(h) = 3*h**2 - 5*h - 2. Let x be g(-3). What is the highest common divisor of k and x?
5
Let q(l) = l**3 + 15*l**2 - 23*l - 21. Let m be q(-16). What is the highest common factor of 13 and m?
13
Suppose -1 - 3 = 4*d, 0 = 2*j + 3*d + 1. Suppose 4*u = b + 2 + 5, 5*u - 14 = -4*b. Calculate the highest common divisor of b and j.
1
Let m be 1/(-2) - 3/(-6). Suppose 5*v - 172 - 8 = m. Suppose v = 2*d + d. Calculate the greatest common factor of d and 18.
6
Let d = 1 - -1. Suppose 0 = b - 2*r + 6 - d, 5*b = 4*r - 8. Suppose b = 2*n + n - 180. What is the greatest common factor of 6 and n?
6
Suppose -51*p + 47*p = -56. Let z be 0 - (0 + (-4)/2). Suppose 3*u - 131 = h, 0*u - z*h = -u + 52. What is the highest common factor of p and u?
14
Let n be 10/(-6)*(0 - 9). Let r(h) = -6*h + 10*h - 34*h. Let p be r(-4). Calculate the highest common factor of p and n.
15
Let r(v) be the third derivative of v**4/24 + v**3/3 - v**2. Let t be r(8). Calculate the greatest common factor of t and 10.
10
Suppose -21 = -5*k + 59. What is the greatest common factor of 128 and k?
16
Suppose 3*r - r = 3*s + 16, 22 = r - 5*s. Calculate the highest common divisor of 10 and r.
2
Let i be ((-132)/18)/((-1)/6). Calculate the greatest common divisor of i and 22.
22
Suppose -4*q - 64 + 372 = 0. Let i(y) = -y**3 - y**2 - 2. Let j be i(0). Let b be (-16)/j + (0 - 1). Calculate the greatest common divisor of q and b.
7
Let j(n) = -n**3 + 12*n**2 + 12. Let m be j(12). Suppose -4*w + m = -w. What is the greatest common factor of 4 and w?
4
Let s be -2 - (-8 - (-2 - 1)). Suppose 0*g - 15 = -s*g. What is the highest common factor of 20 and g?
5
Let f be -1 + 1 - (5 + -70). Suppose -r + 175 = 4*z, -2*r - 3*r = 2*z - f. Let i = 31 + -1. What is the greatest common factor of z and i?
15
Suppose 2*r + 0*r - 14 = 0. Suppose 2*k = t + r*k - 22, -5*k + 10 = 0. Calculate the highest common factor of t and 36.
12
Suppose -2*c + 2*r = -40, -4*r - 11 = -c + 15. Let q = 127 + -73. What is the greatest common factor of q and c?
18
Let d = -35 + 131. Suppose 3*v + d = 7*v. Calculate the highest common factor of 6 and v.
6
Let f = 15 - 11. What is the highest common divisor of f and 2?
2
Let u be 3*-7*(-2)/2. Let b = 21 + 0. What is the greatest common factor of u and b?
21
Let r be (-216)/(-3)*(-36)/(-16). Calculate the greatest common divisor of 18 and r.
18
Let s be 2/(-3)*3*-1. Let d be (s/3)/((-2)/(-30)). Let a(h) = 15*h - 10. Let t be a(8). What is the greatest common divisor of d and t?
10
Let n be 24/20*(-220)/(-6). Calculate the highest common divisor of n and 11.
11
Let x(s) = 12*s - 3. Let z be x(2). Let u be 2431/117 - 3/((-27)/2). What is the highest common divisor of u and z?
21
Suppose 0 = 5*p - 369 - 591. Calculate the greatest common divisor of p and 32.
32
Let q be 4/(-18) - 218/(-9). Suppose 3*s = 3*t + q, s + 4*t - 8 = 3*t. Let b = s - 6. What is the highest common divisor of b and 2?
2
Let m = -12 + 9. Let v be 11 + 1 + m